pose 4*w - 17 = j, -3*j + 0*j = -2*w + 21. Let t(x) = -5 + x**w + 331*x**2 - 331*x**2 - 2. What is t(0)?
-7
Let p(q) = 7*q**2 - 2*q + 9. Let m(l) = -8 + 10*l - 21*l + 4*l - 6*l**2 + 9*l. Let b(a) = 6*m(a) + 5*p(a). Calculate b(5).
-18
Let f(q) = q**2 + 11*q + 3. Suppose u = -5*u - s - 74, 40 = -4*u + 4*s. Give f(u).
15
Let p(k) = k**3 - 9*k**2 + 61. Let g be p(8). Let j(x) = -x**2 - 2*x - 1. What is j(g)?
-4
Let p(n) = -6*n + 34. Let b(k) = k - 6. Let g(t) = -34*b(t) - 6*p(t). Determine g(-3).
-6
Let w(b) = b**2 + 8*b + 11. Suppose -2*g - 3 = -3*q, -g - 5*q = -4*g - 2. What is w(g)?
20
Let o(y) = -y**2 + 4*y. Suppose -33 = -5*b + 7. Suppose -20 = -4*u - b. Determine o(u).
3
Let i(d) = -d + 13. Let a be ((-96)/(-4))/4 - (-5)/(-5). What is i(a)?
8
Let x(d) be the third derivative of -d**4/6 - 17*d**3/3 - 300*d**2. Determine x(-10).
6
Let s(z) be the first derivative of -z**2/2 - 3*z - 398. Calculate s(2).
-5
Let o(w) = -6*w - 2 + 3*w - w**2 - w. Let l be o(-3). Let i(j) be the first derivative of -j**3/3 + j**2 - j - 3. What is i(l)?
0
Let b be 116/(-18) - (-36)/81. Let n(x) = -x**3 - 8*x**2 - 12*x - 7. Determine n(b).
-7
Let j be ((-16)/(-2))/2 - -2. Let k = j + -12. Let d(l) = l - 2. Give d(k).
-8
Let z be (-2 + 0)*21/6. Suppose -3*a + 3*c + 14 = a, -5*a - 2*c = -6. Let d(l) = -l**a - 9 + 2*l - 1 + 2*l**2 + 2*l. What is d(z)?
11
Let s(u) = 5*u - 4. Suppose 0 = 3*q, b - 5 = 5*q - 10*q. Suppose -3*c - n + 5 = -10, -b = c - 3*n. What is s(c)?
16
Let y(z) = -z**3 + 5*z**2 + 6*z - 2. Let l be (-14)/56 - (-25)/4. Suppose 3*c = l*c - 18. Give y(c).
-2
Let h(v) be the second derivative of -v**4/6 - v**3/3 - v**2/2 - 296*v. What is h(-1)?
-1
Suppose -n - 8 = 2*n + 5*z, 0 = -5*n + 3*z + 32. Let o(s) = -s**2 + 4*s - 2. Calculate o(n).
-2
Let v(a) = 2*a**3 + 5*a**2 - 21*a + 18. Let x(u) = -3*u**3 - 8*u**2 + 31*u - 27. Let o(c) = 7*v(c) + 5*x(c). What is o(-7)?
33
Let u be (32/(-80))/((-1)/(-5)). Let q = u + 2. Let n(f) = f**2 + f - 7. Determine n(q).
-7
Let t(z) = 9*z + 2. Let x(v) = 10*v - 1. Let k(r) = 7*t(r) - 6*x(r). Calculate k(-6).
2
Let j(x) = 2*x**2 + 11*x + 10. Suppose -227 + 51 = 22*t. Give j(t).
50
Let t be 2*4*(-12)/(-16). Suppose -t = -4*w + 2. Let f(i) = -i**2 - w*i + 1 + 4*i + 4*i - 3. Give f(4).
6
Suppose 0 = -4*s + 2*l + 138, 0 = 2*s - l + 5*l - 44. Suppose -3*i - 9 = 0, 2*u = 5*i + s - 3. Let c(a) = a**2 - 8*a + 10. Determine c(u).
3
Let v be (-10)/3 - 2/3. Suppose -4*k + 0*w = -2*w + 6, -3*k + 8 = w. Let j(c) = k - 2*c**2 + 2 - c**2 + 2*c**2. Calculate j(v).
-13
Let r(f) = f**3 - 4*f**2 + 3*f. Let z(m) = m**3 - 7*m**2 + m - 10. Let h be z(7). Let u be (-2)/h*(-6 + 9). What is r(u)?
-2
Let k(g) = 5*g**3 - 10*g**2 - 38*g + 2. Let z(y) = 3*y**3 - 7*y**2 - 25*y + 1. Let a(x) = -5*k(x) + 8*z(x). Give a(-4).
6
Let m(a) be the first derivative of a**3/6 + a**2 - 8*a - 12. Let v(n) be the first derivative of m(n). Give v(0).
2
Let k(h) be the first derivative of 1/2*h**2 - 5 - 1/4*h**4 - 4/3*h**3 + 4*h. Give k(-4).
0
Let w(v) = -2*v**2 - 2*v - 6. Let y(o) = o**2 + 2*o + 6. Let f(k) = -2*w(k) - 3*y(k). Determine f(0).
-6
Let u be (-15)/(-2)*(-48)/(-60). Let f(j) = -j + j + u*j. Determine f(1).
6
Let j(d) = -40*d**3 - d**2 + 4*d**3 + 46*d**3 + d + 2*d**2. What is j(-1)?
-10
Let z(s) = -3*s - 1. Let x(p) = -2*p. Let h(l) = -5*x(l) + 3*z(l). Calculate h(0).
-3
Let c(o) = 4 + 11*o + 38*o**3 + 0 - 18*o - 37*o**3 + 6*o**2 + 10*o. Calculate c(-6).
-14
Let y(u) be the first derivative of -u**2/2 + 17*u + 1. Suppose -15*o + 10*o + 4 = z, 5*z = o + 46. Determine y(z).
8
Let d(b) = 2*b**2 + b - 2. Let z be d(0). Let x be 2/4 + z/((-20)/(-65)). Let u(w) = w**2 + 6*w + 7. Calculate u(x).
7
Let p(i) = i - 1. Let v(s) = s**3 + 9*s**2 + 6*s - 10. Let w be v(-8). Let r be (-1)/w - (-345)/18. Let l = r - 20. Determine p(l).
-2
Let b(a) be the first derivative of -a**4/4 - 2*a**3 - a**2/2 - 6*a - 2. Let s be 9/72*-54 + 6/8. Calculate b(s).
0
Let t(l) = -9*l**3 + 4*l**2 + l + 8. Let w(g) = -7*g**3 + 4*g**2 + g + 7. Let a(d) = 3*t(d) - 4*w(d). Calculate a(4).
-8
Let p(f) = f**2 + f + 63. Let j(x) = -3*x**2 - 3*x - 156. Let t(m) = -2*j(m) - 5*p(m). Suppose -5*l - 6 = -3*l. Calculate t(l).
3
Let u be (12/(-9) - 0)/(2/(-9)). Let a(f) = 0 + 1 - f - 2 + 2*f. What is a(u)?
5
Let t(q) be the third derivative of -q**6/120 + q**5/15 + q**4/24 + q**3/2 - 4*q**2. Let v(r) = -5*r - 2. Let a be v(2). Let f be (-1)/((3/1)/a). What is t(f)?
7
Let g(j) be the first derivative of 2*j**4 - j**2/2 + 83. Determine g(-1).
-7
Let w be 2/(-3)*(176 + -167). Let j(x) = 6*x + 3*x**2 - 3*x**2 + x**2 - 7. Give j(w).
-7
Let i = 34 - 30. Let w(u) = -u + 18 - i + 0 - 10. Determine w(0).
4
Let h(u) = 18*u**3 + u - 2 - 3*u**2 - 17*u**3 + 3*u - 1. Let b = -203 + 205. What is h(b)?
1
Let c(v) = -v - 6. Let a(l) = -l. Let p be a(-2). Suppose 0 = p*i + 4*h + 2 - 12, -i - 4*h = -15. Calculate c(i).
-1
Let z be ((-36)/(-24))/(3/8). Let v be -1*(z + (-15)/3). Let c(g) = -g - 1. Let l(w) = 4*w + 1. Let q(a) = v*l(a) + 3*c(a). What is q(7)?
5
Let s(u) be the first derivative of -1/2*u**2 + 30 - 8*u. Calculate s(0).
-8
Let v = 10 + -4. Let h(a) = -a**3 + 5*a**2 + 7*a - 4. Let x be h(v). Let c(k) = 5*k**x - 3*k**3 + 4*k + 6*k**3 + 7 - 4*k**3. Determine c(6).
-5
Let n(w) = -3 - w**2 + 6*w - 4 + 3*w - 1. Suppose -5*l = 92 - 7. Let y = -10 - l. Give n(y).
6
Let d(m) = -3*m**2 + 6*m - 4. Let b = -1266 + 1270. What is d(b)?
-28
Let x be 0 + 1/6 - 7/(-14). Let o(m) be the second derivative of 0 - x*m**3 + m + 7/2*m**2. Calculate o(5).
-13
Let s = 54 - 51. Let k(t) = 9*t - 4. Let g(c) = 8*c - 5. Let l(p) = s*g(p) - 4*k(p). What is l(-1)?
13
Let n(y) = y**3 - 2*y**2 - 8*y + 4. Let a(m) = m**2 + m. Let i(j) = -7*a(j) - n(j). Determine i(-4).
-24
Let l be 38/1539*-9 + 58/18. Let g(z) = 5*z - 2. Calculate g(l).
13
Let j(w) = -w**3 + 4*w**2 + 3*w + 3. Let f be (-4)/10*-1 - (-8491)/35. Let l be 2/(-5) + f/45. Determine j(l).
-7
Let s(x) be the first derivative of 2*x**2 - x + 4. Let d(k) = -k**3 - 4*k**2 + 32*k + 5. Let f be d(-8). Give s(f).
19
Let u = 29 + -21. Let l = -6 + u. Suppose 0*i = -l*i. Let b(n) = n**2 + n + 8. Give b(i).
8
Let s(t) = -t - 3. Let g(l) = -l**3 + 14*l**2 - 14*l + 17. Let j be g(13). Suppose -j*z - 30 = 3*d, 3*d + z + 27 = -d. Determine s(d).
3
Suppose -3*v = -f + 15, -6*f + 2*f = -4*v - 28. Suppose 3*i - 6*i = -9. Suppose i*o + 3*y - 15 = o, 27 = 4*o + f*y. Let u(b) = b - 6. What is u(o)?
0
Let r(c) = -c**3 + 4*c**2 + 3*c + 4. Suppose -4*h + 2*h = -74. Let x = -34 + h. Suppose -2*d + g + 28 = -x*g, 0 = d - 3*g - 19. Give r(d).
16
Let l(d) be the first derivative of -d**2/2 - 11*d - 66. What is l(0)?
-11
Let z(f) = -f**3 - 407*f**2 + 822*f**2 - 419*f**2 - 5. Determine z(-5).
20
Let f be 1/(-3) + 16/48. Let x be (2/(-6))/((-2)/24). Let c(i) = i - i + i**2 - 6 + x. Determine c(f).
-2
Let k(n) be the second derivative of -n**4/12 + n**3/3 + 5*n**2 + 678*n. Give k(6).
-14
Suppose 4*b = p - 20, 2*p = -b - 3*p - 26. Let x(w) = -w**2 - 4*w + 19. Calculate x(b).
7
Let t(m) be the third derivative of -m**4/8 - 5*m**3/6 + 140*m**2 - 1. Give t(-2).
1
Let d(a) = -3*a - 25. Let b(m) = -2*m - 17. Let o(t) = 7*b(t) - 5*d(t). Suppose 5*s = 11 + 4. Suppose -3*y + 9 + 0 = 0, 5*x - y = -s. Calculate o(x).
6
Let l(m) = -4*m + 3. Suppose 2*t + 3*t - 208 = -4*o, -5*t - 3*o = -211. Let i = t - 41. Determine l(i).
-9
Let q be 1/(-11) + 780/4950. Let w(x) be the third derivative of 0 - 1/3*x**3 - q*x**5 + 3*x**2 + 0*x + 1/8*x**4. Determine w(2).
-12
Let d(x) = 5*x - 1. Suppose w + 33 = 4*w. Suppose -5*b - 3*a + w = a, 17 = 5*b - 2*a. Calculate d(b).
14
Let v(l) = l - 2. Suppose -9*d = -77 - 4. Determine v(d).
7
Let a(n) = -11*n**3 + 18*n**2 + 12*n + 38. Let o(r) = 7*r**3 - 12*r**2 - 8*r - 25. Let f(b) = 5*a(b) + 8*o(b). Let h be (-6)/(-3)*(-21)/(-6). Give f(h).
11
Let p(m) be the first derivative of 4*m**2 + 6*m - 4. Let i(d) = 17*d + 13. Let b(v) = -6*i(v) + 13*p(v). Let z = 172 + -168. What is b(z)?
8
Let m(d) = 2*d + 2*d - 6*d + d. Let p(i) = -i**3 + 5*i**2 + 5*i + 6. Let b be p(6). Calculate m(b).
0
Let u(f) be the third derivative of -f**6/120 + f**5/6 - 5*f**4/12 - f**3/6 + 3*f**2. Let a be u(9). Let n = -7 - a. Let r(g) = g**2 - 5*g - 2. Give r(n).
-8
Let t(h) be the first derivative of h**4/12 - 4*h**3/3 - 1